r.
2, 3
Suppose -4*y = -13 + 1. Suppose -r = y*r. Suppose r = -0*g + 3*g - 48. What are the prime factors of g?
2
Let z = -17 - -12. List the prime factors of (-26)/(z + 3) - -1.
2, 7
Suppose 187 + 37 = 2*r. What are the prime factors of r?
2, 7
Suppose 3*j - 7*j + 104 = 0. Let x = -14 + j. List the prime factors of x.
2, 3
Let n(w) = -w**3 - 12*w**2 - 12*w - 6. List the prime factors of n(-11).
5
Let x(c) = c**3 - 2*c**2 + 3*c + 3. List the prime factors of x(3).
3, 7
Suppose 10*i - 5*i + 10 = 0. Let d(h) = -h**3 + h**2 + 2*h - 1. What are the prime factors of d(i)?
7
Let i(x) = -x - 3. Let w be i(-5). Suppose -4*u + 30 = 3*s, u - 30 = -3*s - w*u. What are the prime factors of s?
2, 5
What are the prime factors of 60 + -1 + -1 + 0?
2, 29
Let b(g) = g**2 + 12*g**2 + g - 1 + 0. List the prime factors of b(1).
13
Suppose -3*t + 242 = 71. List the prime factors of t.
3, 19
Suppose 2*f = 3*f + a - 2, 0 = 3*f - 4*a - 6. Suppose -4*x + 128 = 4*o, o + 4*x = -f*o + 99. List the prime factors of o.
29
What are the prime factors of (-1)/1*(6 - 19)?
13
Let k be (-5)/(-2)*40/25. Suppose -2*m + 58 = 3*t - 0*m, -5*m = k*t - 89. List the prime factors of t.
2
Suppose 0*a = -2*a + 8. Suppose -a = -0*x - 2*x. Suppose 0 = y + x - 9. What are the prime factors of y?
7
Let i(g) = 2*g**2 + 6*g + 6. Let t be 17/(-4) - (-2)/8. Let a be i(t). Suppose 5*j - a = 3*j. What are the prime factors of j?
7
Let h(m) = m + 12. Let n be h(-10). Suppose 5*b = -n*g + 18, 27 = g + 2*g + 4*b. List the prime factors of g.
3
Let b = 57 - -90. List the prime factors of b.
3, 7
Let a be (-9)/(-4) - 11/44. Let u be 42*(-3)/12*a. Let p = u - -31. What are the prime factors of p?
2, 5
Let a(j) be the second derivative of -7*j**6/720 + j**5/120 + j**4/6 - 2*j. Let y(z) be the third derivative of a(z). What are the prime factors of y(-1)?
2
Let t = -52 + 188. Suppose -5*k + t = -k. List the prime factors of k.
2, 17
Suppose 6*w - 4*w + 5*q + 7 = 0, 5*q = w - 19. Suppose -w*h = -2 + 10. Let p = 4 + h. List the prime factors of p.
2
Let b(o) = -o + 11. Let j be b(-13). Suppose 2*l = 6*l - j. List the prime factors of l.
2, 3
Suppose 4*d + 5*j + 0*j = 13, 2*j - 2 = 0. Let s be 0 - ((-3 - -2) + d). List the prime factors of (-1 - (s + 1))*-12.
2, 3
Suppose 3*g - 8*g + 580 = 0. List the prime factors of g.
2, 29
Suppose 6 = 3*b - 0*b. Suppose 0 = i - 0 - b. List the prime factors of i.
2
Suppose 1 = 3*v - 14, 2*u - 3*v = -5. Suppose -p = u*x - 40, 0 = 5*p + 3*x - 83 - 7. Suppose -4*j + p = 3. What are the prime factors of j?
3
Let k be (-1 - -1)/(-3 - -4). Suppose -4*c = -4*d + 32, k*d + 32 = 4*d - 2*c. List the prime factors of d.
2
Suppose -133 = -2*q - 3*c + 82, 3*q + 3*c - 321 = 0. What are the prime factors of q?
2, 53
Suppose -18*p = -15*p - 36. List the prime factors of p.
2, 3
Suppose 2 = -y - 0. What are the prime factors of y/5 - (-87)/5?
17
Let f = -122 + 209. Suppose 2*n - 42 = -0*n - 4*x, 0 = 5*n + 4*x - f. List the prime factors of n.
3, 5
Suppose -a + 95 = 3*g - 0, -a = g - 99. What are the prime factors of a?
101
Let s(x) = -x**3 - x**2 + x + 1. Let y(f) = 2*f**2 - 2*f. Let n(m) = -2*s(m) - 3*y(m). Let w be n(2). List the prime factors of 44/w + (-1)/3.
7
What are the prime factors of 4/14 + 1018/14?
73
Suppose 1 = o - 3. Let k be (-11)/(-3) + (-2)/3. Suppose x + o*s = 32, -5*x = -3*x + k*s - 39. List the prime factors of x.
2, 3
Let g = -8 - -4. Let b be 27/(-12) - (-3)/g. What are the prime factors of 22*-2*b/12?
11
Suppose 5*q = 223 + 642. What are the prime factors of q?
173
Let t(d) = 100*d + 5*d**2 - 3*d**2 - 100*d + 2. Let s = 1 + -3. List the prime factors of t(s).
2, 5
Let y(s) = -14*s - 4. Let m(q) = -5*q - 1. Let a(c) = -8*m(c) + 3*y(c). What are the prime factors of a(-4)?
2
Suppose 0 = 3*t - 2*g + 56, 17 = 5*t + 5*g + 152. List the prime factors of 1/4 + t/(-8).
3
Let o(i) = -i - 6. Let l be o(-5). What are the prime factors of 2 + (8 - l) + 0?
11
Suppose p + 28 = 5*p. List the prime factors of p.
7
Suppose 5*v = h - 0*v - 84, 0 = -h - 3*v + 92. List the prime factors of h.
89
Let q be (-3)/4*8/(-3). Let b(h) = -6*h**2 + 3*h. Let g(w) = -w**2. Let o(u) = -b(u) + 4*g(u). List the prime factors of o(q).
2
Let x = -66 + 77. List the prime factors of x.
11
Let f = -34 - -73. What are the prime factors of f?
3, 13
Let k = 52 + -37. Suppose 0*b - k = -5*b. Suppose b*r - 52 = -r. List the prime factors of r.
13
Let m = 21 + 164. Suppose -x = -3*x + 5*r + m, 5 = -r. Suppose 0 = 6*q - q - x. List the prime factors of q.
2
Let a(l) = -2*l**3 - l**2 - l**2 - 2*l + l + l**2. Let u be a(-1). Suppose -x - 4*x - u*w = -14, -x + 5*w = -19. List the prime factors of x.
2
Let w(u) = -u. Let j be w(3). Let q = -1 - j. List the prime factors of (-18)/(0 - (q - 0)).
3
Suppose 2*c - 30 = 5*h, -2*h + 31 = -6*h + 3*c. Let x = 9 - h. List the prime factors of x.
13
Let q(g) = -g**3 - 9*g**2 - 9*g - 6. Let z be q(-8). Suppose 6 = 2*x - z. Suppose 2*f = 0, -12 = -x*k - 4*f + 3*f. What are the prime factors of k?
3
Let o = -4 + 10. Let u be (o/(-9))/(2/(-54)). Let t = 27 - u. List the prime factors of t.
3
Let l(f) = -f**2 - f. Let q(s) = 6*s**2 + 8*s + 9. Let a(v) = 5*l(v) + q(v). List the prime factors of a(-7).
37
What are the prime factors of (-6*((-25)/2 - 3))/1?
3, 31
Let r be 1 + 2 + 1 + -1. Suppose 5*j + 16 = 4*i, r*i = -2*j + 5 + 7. Suppose j*o + 33 = 3*o. List the prime factors of o.
11
Let o be (1 + -34)*(-4)/(-6). Let c = -1 - o. List the prime factors of c.
3, 7
Suppose -w - 2 + 14 = -2*l, -5*l = 3*w + 8. Let u(y) = y**3 + 4*y**2 - 6*y - 2. What are the prime factors of u(l)?
2, 11
Let j(w) = -3*w - w**2 + 0*w - w + 7. Let i be j(-5). Suppose 6*y = -i*p + 2*y + 32, -2*y = -p + 4. What are the prime factors of p?
2, 5
Let g = -8 + 16. Let l = 13 - g. What are the prime factors of l?
5
Let a be 7/((-42)/20)*6. Let k = a + 38. What are the prime factors of k?
2, 3
Suppose -b + 37 = -3*j, -b + 0*j + 2*j = -33. List the prime factors of b.
5
Suppose v - 7*v = -780. What are the prime factors of v?
2, 5, 13
Let j(i) = -2*i + 3. Let a be j(-5). What are the prime factors of a/(-4)*(0 + -4)?
13
Suppose -4 + 24 = 4*t. Let a = t - 0. List the prime factors of a.
5
Suppose 0 = -3*y - 5*b + 80, 0*y - 4*y + b + 76 = 0. Suppose -4*c + y = -60. List the prime factors of c.
2, 5
Suppose -13*i + 636 = -7*i. List the prime factors of i.
2, 53
Let m(s) = 2*s - 7. Suppose 2 = 3*g - 5*q, -5*g = q - 6*q. Let i be 8 + -4 + (1 - g). List the prime factors of m(i).
5
Let o(i) = i**3 + 6*i**2 + 6*i + 1. Let a be o(-4). Let c = -5 + a. List the prime factors of (c/3)/4*6.
2
Suppose 0*a = 3*i + a - 7, a - 9 = -5*i. Let d be -3 - 6/(-3)*i. Let h = d - -13. What are the prime factors of h?
2, 3
Suppose 5*w + 1 = -4*k, -4*w - 5*k = w. List the prime factors of 1*(w - -3) - -1.
3
Let t be (-2)/5 + (-246)/(-15). Suppose 4*k = t + 8. What are the prime factors of k?
2, 3
Let x(f) = 11*f + 2*f**2 - 14 - 5*f + 8. Let y be x(-5). Let b = 22 - y. List the prime factors of b.
2
Suppose 2*a - 10 = 2*o, 0*a + a = -5*o - 1. Suppose -20 + 76 = a*s. What are the prime factors of s?
2, 7
What are the prime factors of (-382)/4*(-4)/(-2)*-1?
191
Suppose -z = y + 20, -2*z = 5*y + 38 + 53. Let i = -11 - y. List the prime factors of i.
2, 3
Suppose -1 - 4 = -a. Suppose -t + 3*g - 21 = -2*t, -g + 49 = a*t. List the prime factors of t.
3
Suppose -3*u = u - 8. Suppose -u*f = f - 42. Let h = f + -6. List the prime factors of h.
2
Let h = 20 + -11. Suppose p - 3 = -i - 2*i, -3*i = -p - h. Suppose 0 = i*z - 7*z + 20. What are the prime factors of z?
2
Suppose -2*f - 120 = -j - j, 5*j + f - 276 = 0. Let g be 16/2 - (-4 - -5). Suppose 5*c + g = 3*l, -c + 6*c = -4*l + j. List the prime factors of l.
3
List the prime factors of 172/6 + 24/(-36).
2, 7
Let p(c) = -c**3 - 2*c**2 + 3. Let f be p(-4). Suppose 4*k - f - 21 = 0. What are the prime factors of k + 5 + -1 + -3?
3, 5
Let o = 4 - 4. Suppose q + o = 9. List the prime factors of q.
3
What are the prime factors of (69/2)/((-6)/(-16))?
2, 23
Suppose 24 = w + 2*w. Let d(i) = i**2 - 8*i + 12. List the prime factors of d(w).
2, 3
Let x(p) = 8*p**2 + p. Let a = 2 - 0. Suppose 2*i + 4*w + 18 = 0, -a*w + 6*w = 2*i - 14. What are the prime factors of x(i)?
7
Let u(d) = 11*d - 2. Let z be u(